n + 1. What is g(-2)?
9
Let f(o) = -4*o + 8. Calculate f(9).
-28
Let z(b) = b**3 + 7*b**2 + 3*b + 6. Determine z(-7).
-15
Let p(l) = -62*l - 4. Give p(-1).
58
Let l(a) = a**2 + 3*a + 1. Determine l(-3).
1
Let d(a) = -a. Calculate d(-10).
10
Let d(w) = -w - 11. Give d(0).
-11
Let t(o) = 2*o**2 + 5*o + 1. Determine t(-4).
13
Let g(c) = c**3 - 2*c**2 - 16*c - 8. Give g(5).
-13
Let m(x) = -x**2 - 7*x + 9. Determine m(-8).
1
Let z(p) = -2*p - 161. What is z(-36)?
-89
Let s(p) = p**3 - p**2 - 4*p - 1. Give s(-3).
-25
Let r(i) = -i**2 - 28*i - 94. What is r(-25)?
-19
Let q(j) = 9*j - 7. What is q(1)?
2
Let a(n) = -42*n + 329. Give a(8).
-7
Let f(j) = j**3 + 15*j**2 + 15*j - 3. Determine f(-14).
-17
Let f(d) = d**3 + 7*d**2 + d + 10. Determine f(-7).
3
Let w(l) = -2*l**2 + 15*l + 109. Give w(-5).
-16
Let h(f) = -2*f**2 + 9*f - 9. Determine h(3).
0
Let q(b) = -b - 47. What is q(-19)?
-28
Let f(o) = o**2 - 2*o + 1. Determine f(5).
16
Let z(h) = 2*h**2 + 4*h - 24. Calculate z(3).
6
Let d(l) = -l**3 + 8*l**2 - 9*l + 10. Calculate d(7).
-4
Let t(u) = -3*u + 11. Give t(5).
-4
Let v(u) = u**2 + u + 31. Give v(0).
31
Let s(h) = -h**2 - 24*h - 54. Give s(-21).
9
Let t(p) = 8*p + 13. Determine t(-8).
-51
Let l(a) = -2*a**2 + a - 1. What is l(0)?
-1
Let r(k) = 26*k - 1. Give r(1).
25
Let a(d) = d**2 - 19*d - 28. Determine a(20).
-8
Let x(m) = -19*m + 82. Give x(4).
6
Let i(m) = m**2 - 4*m - 10. What is i(6)?
2
Let r(k) = -k**2 - 103*k - 925. Determine r(-93).
5
Let d(m) = 2*m**2 - 6*m - 12. Determine d(-5).
68
Let t(z) = -z - 24. Determine t(0).
-24
Let m(g) = -g**2 - 13*g + 1. Calculate m(-14).
-13
Let z(h) = 3*h + 4. Determine z(3).
13
Let q(d) = d**2 - 4*d - 18. Give q(-3).
3
Let m(z) = -22*z + 96. What is m(6)?
-36
Let n(g) = -g**3 + 6*g**2 + 2*g + 8. Determine n(6).
20
Let l(x) = -x**2 + 17*x - 34. What is l(15)?
-4
Let h(f) = f**2 - 19*f + 28. Give h(10).
-62
Let f(v) = v**3 - 14*v**2 - 30*v - 28. Calculate f(16).
4
Let q(n) = n**3 + 10*n**2 + 14*n + 8. Determine q(-9).
-37
Let t(y) = y**2 - 17*y + 3. Determine t(17).
3
Let j(l) = 27*l + 586. Calculate j(-22).
-8
Let l(u) = -u**3 + 8*u**2 + u - 5. Give l(8).
3
Let p(f) = -f - 5. Determine p(-9).
4
Let o(u) = 3*u. What is o(-4)?
-12
Let c(i) = 6*i + 30. Calculate c(-9).
-24
Let a(t) = -4*t - 96. Calculate a(-17).
-28
Let u(y) = -y**2 + 5*y - 1. What is u(5)?
-1
Let q(w) = 86*w**3 + 3*w - 2. Calculate q(1).
87
Let j(o) = -5*o - 334. Determine j(-65).
-9
Let m(t) = -t**3 + 12*t**2 - 10*t - 23. Give m(11).
-12
Let o(r) = r**3 - 5*r**2 - 6*r + 8. What is o(6)?
8
Let w(p) = -p**2 - 2*p + 4. Give w(5).
-31
Let l(x) = x**3 - 8*x**2 - 6*x - 17. What is l(9)?
10
Let x(a) = a**3 - 8*a**2 - 2*a - 6. Determine x(8).
-22
Let b(n) = -3*n**2 + 15*n - 24. Calculate b(3).
-6
Let n(c) = -6*c**3 - 2*c**2 - 2*c + 3. What is n(2)?
-57
Let t(h) = 8*h**3 - h**2 + h. Calculate t(1).
8
Let u(k) = k**3 + 23*k**2 + 46*k + 43. Give u(-21).
-41
Let p(m) = -m**2 + 2*m - 10. Calculate p(7).
-45
Let d(o) = 2*o - 46. Determine d(23).
0
Let y(b) = -b**2 + 5*b. Calculate y(5).
0
Let i(a) = a**2 - 16*a + 8. What is i(12)?
-40
Let h(f) = f**2 + 45*f + 406. Give h(-12).
10
Let t(u) = u - 5. Calculate t(-6).
-11
Let c(b) = b**3 - 4*b**2 - 24*b + 7. Determine c(7).
-14
Let l(x) = 2*x - 4. Give l(10).
16
Let v(h) = -3*h + 8. Give v(-2).
14
Let z(v) = -v**3 + 16*v**2 + 19*v - 25. Determine z(17).
9
Let v(z) = z**3 - 27*z**2 - 239*z + 35. What is v(34)?
1
Let y(i) = 3*i**3 + 12*i**2 + 4*i + 3. What is y(-5)?
-92
Let b(g) = 2*g**2 + 16*g + 4. Give b(-8).
4
Let c(k) = -2*k**3 - 3*k**2 + 5*k + 4. Calculate c(-2).
-2
Let y(m) = 10*m**3 - m**2. Give y(1).
9
Let a(q) = 2*q + 8. Determine a(4).
16
Let v(z) = -3*z**2 + z - 1. Determine v(-2).
-15
Let z(u) = -u**2 - 12*u - 40. Calculate z(-5).
-5
Let p(i) = -2*i + 8. Give p(7).
-6
Let n(t) = -2*t**3 + 37*t**2 - 16*t - 40. Calculate n(18).
-4
Let o(r) = r**2 - 2*r + 3. Calculate o(2).
3
Let n(o) = 2*o + 4. Determine n(7).
18
Let u(h) = -h**2 - 20*h - 37. Calculate u(-14).
47
Let q(m) = -2*m**2 + 15*m + 57. What is q(-3)?
-6
Let t(v) = 2*v**3 + 3*v**2 - 4*v - 1. Determine t(-2).
3
Let h(x) = 7*x - 1. Give h(-2).
-15
Let a(m) = -m**3 - 6*m**2 - 6*m + 1. What is a(-2)?
-3
Let u(a) = -6*a**3 + 2*a**2 - 4*a - 8. Give u(-2).
56
Let y(t) = -t**2 + 12*t + 5. What is y(11)?
16
Let n(s) = s**2 + 10*s - 27. Give n(-11).
-16
Let b(z) = -z**3 - 6*z**2 - 3*z - 7. Determine b(-6).
11
Let x(k) = -k**3 + 7*k**2 - 4. Determine x(2).
16
Let q(x) = 6*x**2 - 8*x - 12. What is q(-3)?
66
Let g(x) = x**3 + 36*x**2 + 37*x + 68. Determine g(-35).
-2
Let f(j) = -26*j - 159. Calculate f(-6).
-3
Let g(r) = -r**3 + 2*r**2 + 6*r + 4. Determine g(4).
-4
Let h(m) = -m**3 + 13*m**2 + 22. What is h(13)?
22
Let v(g) = -g**3 - 4*g**2 - 2*g - 5. Calculate v(-3).
-8
Let q(o) = o**3 + 6*o**2 - 4*o - 10. Determine q(-5).
35
Let q(v) = -v**2 - 15*v - 31. What is q(-13)?
-5
Let i(d) = -d**2 - 10*d + 11. Calculate i(-9).
20
Let a(m) = m**3 - 5*m**2 - 4*m - 8. Determine a(6).
4
Let d(i) = 2*i**2 - 4*i - 1. Determine d(2).
-1
Let m(f) = 39*f + 195. Determine m(-5).
0
Let u(y) = 4*y**2 + 12*y + 5. Give u(-5).
45
Let i(h) = 4*h - 41. Calculate i(0).
-41
Let h(c) = c**2 - 2*c - 18. What is h(-7)?
45
Let q(h) = 4*h - 76. Calculate q(23).
16
Let m(n) = -n**3 - 35*n**2 - 32*n + 59. Determine m(-34).
-9
Let o(g) = -g - 10. Give o(-6).
-4
Let r(g) = g**3 + g**2. Determine r(-3).
-18
Let c(i) = -i - 22. What is c(0)?
-22
Let a(q) = 7*q + 21. Calculate a(-7).
-28
Let q(c) = -2*c**3 - 4*c**2 - 4*c. Calculate q(-3).
30
Let c(j) = j**2 + 10*j - 1. What is c(-11)?
10
Let f(r) = r**3 - r + 93. Give f(0).
93
Let u(o) = o**3 + 2*o**2 - 2*o - 1. What is u(-4)?
-25
Let g(b) = -b**3 + 10*b**2 - 4*b + 13. Determine g(9).
58
Let g(p) = 2*p + 2. Give g(-2).
-2
Let u(t) = -6*t**2 + 14*t. Give u(4).
-40
Let i(b) = -3*b. What is i(-12)?
36
Let y(k) = k - 23. Determine y(11).
-12
Let z(t) = 2*t**2 - 6*t - 11. Give z(5).
9
Let b(q) = -q**2 - 110. Calculate b(0).
-110
Let l(i) = -3*i**2 + 8*i - 4. What is l(-3)?
-55
Let j(h) = -2*h. What is j(-7)?
14
Let p(i) = 6*i + 28. Calculate p(-6).
-8
Let t(m) = m**2 - m - 21. Calculate t(0).
-21
Let b(c) = -2*c**2 + 2*c + 4. Calculate b(3).
-8
Let u(a) = -52*a**2 + a + 1. What is u(-1)?
-52
Let z(q) = 2*q**2 - 39*q + 13. Determine z(20).
33
Let l(v) = 3*v**3 + 18*v**2 + 3*v - 9. Calculate l(-6).
-27
Let f(x) = -x**3 + 22*x**2 + x - 16. Calculate f(22).
6
Let p(w) = -2*w + 18. Calculate p(-3).
24
Let c(w) = w**3 + 6*w**2 - 72*w. Give c(6).
0
Let m(b) = b**2 - 8*b - 17. Give m(7).
-24
Let a(q) = -q**3 + 18*q**2 + 20*q - 11. Calculate a(19).
8
Let g(y) = y**3 - 7*y**2 + y - 7. What is g(7)?
0
Let g(b) = 3*b - 7. Give g(8).
17
Let g(z) = z**3 - 32. Determine g(0).
-32
Let h(z) = z**2 + 2*z - 5. Determine h(-4).
3
Let s(g) = 9*g**2 + g. What is s(1)?
10
Let z(r) = r**3 - 8*r**2 + 7*r - 6. Calculate z(7).
-6
Let v(t) = -t**3 + 7*t**2 + 13*t - 2. Give v(8).
38
Let p(a) = -2*a + 13. What is p(9)?
-5
Let l(r) = -r**3 - 5*r**2 + 4*r - 6. Calculate l(-6).
6
Let p(w) = 3*w**2 - 2*w + 2. What is p(1)?
3
Let b(r) = r**3 - 6*r**2 - 17*r + 7. What is b(8)?
-1
Let i(f) = 25*f - 133. Calculate i(6).
17
Let r(l) = l**2 + 128*l - 673. Determine r(5).
-8
Let i(j) = j - 4. Give i(-9).
-13
Let b(h) = 23*h + 3. What is b(-2)?
-43
Let l(q) = -q + 26. Determine l(-11).
37
Let m(f) = f**2 - 15*f + 54. What is m(9)?
0
Let j(l) = -2*l - 3. Give j(2).
-7
Let s(z) = z**2 - 12*z - 2. Determine s(14).
26
Let d(r) = -2*r + 5. What is d(4)?
-3
Let f(y) = y**3 - 8*y**2 + 5*y - 7. Give f(6).
-49
Let x(z) = -13*z - 18. Determine x(-2).
8
Let y(z) = -3*z**2 - 5*z - 9. Calculate y(-2).
-11
Let l(k) = 2*k**3. What is l(0)?
0
Let t(s) = 2*s**3 + 74*s**2 - 74*s + 72. What is t(-38)?
-4
Let q(k) = -k**3 - 7*k**2 - 10*k - 8. What is q(-6)?
16
Let a(j) = j**2 - 7*j - 37. Calculate a(12).
23
Let b(v) = -v**2 + v + 14. Give b(5).
-6
Let v(b) = b**2 - 9*b - 22. What is v(13)?
30
Let o(m) = -7*m - 39. Give o(-7).
10
Let m(g) = -59*g + 283. Determine m(5).
-12
Let a(o) = 4*o**3 + 2*o**2 - 3*o - 7. Determine a(-3).
-88
Let j(s) = -2*s**3 + 13*s**2 - 6*s - 9. What is j(6)?
-9
Let q(y) = y**2 + 48*y + 578. Give q(-25).
3
Let k(r) = r**3 + 2*r**2 - 6*r - 3. Calculate k(-5).
-48
Let f(l) = -3